the remainder when 885 is divided by 214?
29
What is the remainder when 1358 is divided by 39?
32
What is the remainder when 1853 is divided by 3?
2
What is the remainder when 1111 is divided by 227?
203
Calculate the remainder when 120 is divided by 43.
34
What is the remainder when 37 is divided by 29?
8
Calculate the remainder when 15588 is divided by 10.
8
Calculate the remainder when 44 is divided by 39.
5
What is the remainder when 260 is divided by 96?
68
What is the remainder when 237 is divided by 124?
113
Calculate the remainder when 548 is divided by 386.
162
What is the remainder when 148 is divided by 71?
6
Calculate the remainder when 10446 is divided by 8.
6
Calculate the remainder when 353 is divided by 93.
74
Calculate the remainder when 256 is divided by 81.
13
What is the remainder when 291 is divided by 148?
143
What is the remainder when 728 is divided by 41?
31
Calculate the remainder when 2071 is divided by 1030.
11
What is the remainder when 1253 is divided by 416?
5
Calculate the remainder when 4716 is divided by 20.
16
Calculate the remainder when 1222 is divided by 310.
292
What is the remainder when 59 is divided by 26?
7
What is the remainder when 27 is divided by 12?
3
Calculate the remainder when 932 is divided by 122.
78
What is the remainder when 3602 is divided by 38?
30
Calculate the remainder when 1431 is divided by 281.
26
Calculate the remainder when 6705 is divided by 129.
126
What is the remainder when 573 is divided by 23?
21
What is the remainder when 1099 is divided by 16?
11
What is the remainder when 360 is divided by 287?
73
Calculate the remainder when 39 is divided by 22.
17
Calculate the remainder when 116 is divided by 82.
34
What is the remainder when 258 is divided by 121?
16
What is the remainder when 1385 is divided by 363?
296
What is the remainder when 137 is divided by 16?
9
Calculate the remainder when 1919 is divided by 128.
127
Calculate the remainder when 4535 is divided by 84.
83
What is the remainder when 1440 is divided by 145?
135
What is the remainder when 98 is divided by 29?
11
What is the remainder when 64 is divided by 28?
8
What is the remainder when 180 is divided by 49?
33
Calculate the remainder when 1727 is divided by 2.
1
Calculate the remainder when 1417 is divided by 33.
31
Calculate the remainder when 173 is divided by 59.
55
What is the remainder when 2740 is divided by 12?
4
Calculate the remainder when 129 is divided by 20.
9
What is the remainder when 174 is divided by 23?
13
Calculate the remainder when 43 is divided by 39.
4
What is the remainder when 165 is divided by 17?
12
Calculate the remainder when 169 is divided by 5.
4
Calculate the remainder when 287 is divided by 24.
23
Calculate the remainder when 60 is divided by 47.
13
What is the remainder when 314 is divided by 99?
17
Calculate the remainder when 484 is divided by 232.
20
Calculate the remainder when 149 is divided by 12.
5
Calculate the remainder when 1362 is divided by 13.
10
Calculate the remainder when 245 is divided by 56.
21
What is the remainder when 377 is divided by 46?
9
What is the remainder when 351 is divided by 33?
21
What is the remainder when 189 is divided by 38?
37
What is the remainder when 3617 is divided by 181?
178
What is the remainder when 131 is divided by 43?
2
What is the remainder when 258 is divided by 36?
6
What is the remainder when 850 is divided by 54?
40
Calculate the remainder when 302 is divided by 63.
50
Calculate the remainder when 23405 is divided by 76.
73
Calculate the remainder when 789 is divided by 375.
39
What is the remainder when 22 is divided by 13?
9
What is the remainder when 286 is divided by 97?
92
What is the remainder when 1184 is divided by 33?
29
What is the remainder when 60 is divided by 19?
3
Calculate the remainder when 479 is divided by 44.
39
What is the remainder when 81 is divided by 14?
11
Calculate the remainder when 1270 is divided by 184.
166
Calculate the remainder when 3374 is divided by 75.
74
Calculate the remainder when 1272 is divided by 17.
14
Calculate the remainder when 201 is divided by 51.
48
Calculate the remainder when 520 is divided by 58.
56
Calculate the remainder when 796 is divided by 102.
82
Calculate the remainder when 370 is divided by 102.
64
What is the remainder when 1281 is divided by 82?
51
Calculate the remainder when 1138 is divided by 371.
25
Calculate the remainder when 607 is divided by 76.
75
What is the remainder when 198 is divided by 40?
38
What is the remainder when 448 is divided by 147?
7
What is the remainder when 298 is divided by 30?
28
Calculate the remainder when 467 is divided by 95.
87
Calculate the remainder when 749 is divided by 184.
13
Calculate the remainder when 1540 is divided by 304.
20
What is the remainder when 186 is divided by 28?
18
What is the remainder when 5290 is divided by 36?
34
Calculate the remainder when 189 is divided by 7.
0
Calculate the remainder when 512 is divided by 120.
32
What is the remainder when 92 is divided by 14?
8
What is the remainder when 347 is divided by 25?
22
Calculate the remainder when 1006 is divided by 8.
6
Calculate the remainder when 137 is divided by 84.
53
Calculate the remainder when 7600 is divided by 181.
179
What is the remainder when 240 is divided by 53?
28
What is the remainder when 43486 is divided by 151?
149
Calculate the remainder when 1732 is divided by 14.
10
Calculate the remainder when 4736 is divided by 46.
44
Calculate the remainder when 94 is divided by 7.
3
What is the remainder when 819 is divided by 23?
14
Calculate the remainder when 221 is divided by 82.
57
What is the remainder when 1244 is divided by 43?
40
Calculate the remainder when 519 is divided by 106.
95
What is the remainder when 329 is divided by 80?
9
What is the remainder when 178 is divided by 78?
22
What is the remainder when 133 is divided by 72?
61
Calculate the remainder when 85 is divided by 29.
27
Calculate the remainder when 953 is divided by 26.
17
Calculate the remainder when 460 is divided by 66.
64
What is the remainder when 93 is divided by 51?
42
What is the remainder when 88 is divided by 8?
0
What is the remainder when 1055 is divided by 10?
5
Calculate the remainder when 6773 is divided by 77.
74
What is the remainder when 2485 is divided by 275?
10
What is the remainder when 350 is divided by 44?
42
What is the remainder when 562 is divided by 54?
22
What is the remainder when 7471 is divided by 32?
15
Calculate the remainder when 352 is divided by 72.
64
Calculate the remainder when 14740 is divided by 162.
160
Calculate the remainder when 3069 is divided by 101.
39
Calculate the remainder when 1919 is divided by 956.
7
What is the remainder when 543 is divided by 180?
3
Calculate the remainder when 166 is divided by 69.
28
What is the remainder when 222 is divided by 202?
20
Calculate the remainder when 2194 is divided by 1095.
4
Calculate the remainder when 225 is divided by 58.
51
What is the remainder when 14 is divided by 11?
3
Calculate the remainder when 555 is divided by 14.
9
Calculate the remainder when 200 is divided by 6.
2
What is the remainder when 410 is divided by 59?
56
What is the remainder when 2249 is divided by 18?
17
Calculate the remainder when 166 is divided by 142.
24
What is the remainder when 292 is divided by 99?
94
What is the remainder when 116 is divided by 42?
32
Calculate the remainder when 1828 is divided by 12.
4
Calculate the remainder when 1183 is divided by 16.
15
What is the remainder when 847 is divided by 308?
231
What is the remainder when 207 is divided by 10?
7
Calculate the remainder when 775 is divided by 208.
151
Calculate the remainder when 62 is divided by 33.
29
Calculate the remainder when 1096 is divided by 220.
216
What is the remainder when 689 is divided by 234?
221
What is the remainder when 154 is divided by 34?
18
Calculate the remainder when 2572 is divided by 6.
4
What is the remainder when 785 is divided by 67?
48
What is the remainder when 238 is divided by 16?
14
Calculate the remainder when 341 is divided by 162.
17
Calculate the remainder when 4322 is divided by 253.
21
Calculate the remainder when 128 is divided by 43.
42
What is the remainder when 49 is divid